m*y - 646*y - 2. Give l(x).
-4
Let o(a) = -a**3 - 5*a**2 + a + 5. Let m be (-4 + 3 + -1)/(15/795). Let f = 101 + m. Determine o(f).
0
Let k(b) be the third derivative of -b**6/180 - b**5/40 + b**4/24 + 5*b**3/6 + 14*b**2. Let j(d) be the first derivative of k(d). Give j(-3).
-8
Let h(f) = -246*f - 6 - 3 + 7 + 250*f. Calculate h(-7).
-30
Let z(o) = -o**2 + 4*o - 5. Suppose -3*p + 5*i = -10, 10*p - 30 = 5*p - 5*i. Calculate z(p).
-10
Let x(n) be the first derivative of 24 + 7/3*n**3 + 0*n + 1/2*n**2. Determine x(-1).
6
Suppose 3*o - 6 = 2*q, 4*o - 4 = -0*o + 4*q. Let p(f) = -f**2 + 6*f - 1. What is p(o)?
7
Suppose -4*x = 4*f - 9*x - 11, -4*f + 12 = -4*x. Suppose 3 = f*p - p. Let v(y) = 13*y**2. Calculate v(p).
13
Suppose -5*o - 10 = -5*k, o - 6 = -2*k + 2*o. Suppose 0 = 5*q + k + 6. Let t(x) = x**3 + 2*x**2 - 2*x - 1. Calculate t(q).
3
Suppose z + 3*y = -17, 3*y = 4*y + 4. Let f(m) = 11*m**2 + 15*m + 14. Let c(a) = 7*a**2 + 10*a + 9. Let d(n) = z*f(n) + 8*c(n). Give d(-6).
8
Suppose 0 = -3*v + 3*s - 24, 4*v + 28 = 4*s + s. Let z(u) = u + 16. Determine z(v).
4
Let v(z) be the second derivative of -z**6/120 + z**5/10 - 5*z**3/6 + 9*z**2 - 18*z. Let c(y) be the first derivative of v(y). Calculate c(6).
-5
Let m(u) = u**2 - u - 6. Suppose 5*y = 4*f + 25, -4*y + 2*f + 29 = 9. Calculate m(y).
14
Let g(n) = n**2 - 5*n + 7. Let p = 45 + -27. Let o(m) = m**2 - 12*m + 32. Let k be o(10). Let s = p - k. What is g(s)?
13
Let z = 3 + -6. Let j(h) = -7*h + 11*h + 141 - 141 + h**2. Determine j(z).
-3
Suppose 0 = 5*b - 3*x - 2*x - 145, 4*x = -4. Let o be (-15)/2*b/(-35). Let s(m) be the third derivative of -m**5/60 + 5*m**4/24 + m**3 + m**2. Determine s(o).
0
Let v(g) = g + 5. Let i be v(-9). Let m be i/20 - (-33)/15. Let k(a) = 5*a - 4*a - 4 + 5 - 4*a**m. Determine k(-1).
-4
Suppose -2*l = -5*p + 18, 0 = 4*l + p - 3 + 39. Let q be l - (6/(-8))/((-5)/(-20)). Let s(c) = -c**2 - 4*c + 7. What is s(q)?
-5
Let l(r) = r**2 + 3*r - 5. Let c(x) = -2*x**2 - 8*x - 4. Let k be c(-4). Calculate l(k).
-1
Suppose 36*g - 3*g - 21*g + 60 = 0. Let h(t) = 3*t**2 + 3*t + 3. Let w(n) = 16*n**2 + 14*n + 14. Let x(u) = 11*h(u) - 2*w(u). Give x(g).
5
Suppose -81 - 139 = -4*p. Let u = p - 49. Let a(w) = w**3 - 7*w**2 + 7*w - 3. Determine a(u).
3
Let q(p) = 3*p**2 + 4*p - 2. Let j(k) = -2*k - 24. Let y be j(-10). Determine q(y).
30
Let p(u) = -2*u + 2. Let b(f) = f**2 + f - 13. Let a be b(-7). Suppose 0 = -3*j - c - 13, -4*c - 2 - a = 5*j. Calculate p(j).
8
Let f(l) be the first derivative of -19*l**3/3 - l**2/2 + l + 17. Suppose 2*i + 3 - 6 = -3*r, -5*r + i + 5 = 0. Give f(r).
-19
Let y(t) = -22*t + 85. Let a be y(4). Let c(o) = o**3 + 5*o**2 + 2*o - 4. Give c(a).
8
Let y(u) = 226 - u - 215 + 9*u - 5*u. Determine y(-11).
-22
Let m(t) = t**2 - 17*t + 11. Let o(d) = d**2 - 18*d + 11. Let b(j) = 5*m(j) - 4*o(j). Determine b(13).
11
Suppose 47*c = 44*c. Let f(o) = -4 + 3 + c*o + 85*o**2 - 3*o - 87*o**2. What is f(-2)?
-3
Suppose 4*l + 4*j = 16, 14*l - 5*j - 30 = 9*l. Let h(t) = t**2 - 2*t - 12. What is h(l)?
3
Let k(t) = -4*t + 1. Let l(o) = o**2 - 4*o - 4. Let j be l(4). Determine k(j).
17
Suppose 0 = 73*n - 88*n - 90. Let c(g) = -g - 4. Give c(n).
2
Let x(t) = t**2 + 17*t + 67. Let a be x(-12). Let p(f) be the first derivative of 1/3*f**3 - 1/4*f**4 + 0*f - a + 2*f**2. Calculate p(3).
-6
Let g(f) be the third derivative of f**6/120 + f**5/12 - f**4/24 + 5*f**3/6 + 2*f**2 + 83. Determine g(-6).
-25
Let a(b) be the first derivative of b**3 - 3*b**2/2 - 4*b - 100. Determine a(4).
32
Let w(m) = -m**3 - 38*m**2 + 81*m + 48. Let o be w(-40). Let v(y) = 3*y - 3. What is v(o)?
21
Let v(d) = 3*d - 7. Suppose -17 - 1 = -o. Let y = 21 - o. Suppose -l = 3*n - 4*l - 21, 0 = y*n - 5*l - 21. Give v(n).
14
Let o be (9/(-3)*1)/(0 - -1). Suppose 20 = x + 3*x. Let l(s) = -1 - x*s - 5 + 4. What is l(o)?
13
Let d be (-22)/(-18) + 2 - (-10)/(-45). Let b(g) = 5*g**d + 0*g - 1 - 6*g**2 - 2*g + 4*g + 5*g**2. Calculate b(1).
5
Let n(s) = s**3 + 4*s**2 + 2*s + 1. Let v = -3 + 6. Let h(g) = -g**2 + 9*g + 14. Let o be h(10). Suppose -9 - v = o*k. What is n(k)?
4
Let q be ((0 - 0)/(-1))/(-1). Let b be (0 - -4) + (-48)/16. Let v(h) = 2 + q - b - h**2 - h**2. Determine v(2).
-7
Let m(o) be the second derivative of -o**5/20 + o**4/4 + 5*o**3/6 + 3*o**2/2 - 13*o. Give m(4).
7
Let h be 25/9 - 36/(-162). Let k(p) = -2 + 0*p + 5*p - 3*p - h*p. Give k(4).
-6
Let s(h) be the first derivative of 1/6*h**3 - 5 - h**2 + 2*h. Let u(c) be the first derivative of s(c). What is u(3)?
1
Let k(y) = 3*y**2 - 2*y - 1. Let j be 206/8 - 6/8. Let f = 24 - j. Give k(f).
4
Suppose -2*g + 2*w = 0, -2*g + 0*w + 4 = -w. Let y(d) be the third derivative of -d**4/24 + 7*d**3/6 + 11*d**2 + 2*d. Determine y(g).
3
Let v = -4 + -2. Let u(c) be the second derivative of -6*c + 5/12*c**4 - 3*c**2 + 1/20*c**5 - 7/6*c**3 + 0. What is u(v)?
0
Let j(l) be the first derivative of -l**4/4 + l**3 - l**2/2 - 3*l + 61. Determine j(4).
-23
Let p(s) = s**2 - 4*s - 11. Let l(z) = z. Let d(v) = 5*l(v) + p(v). Let y(j) be the first derivative of d(j). Suppose 4*g - g = -3. What is y(g)?
-1
Let y = 2 + 3. Let l be (y - (-2 - -2)) + -3. Let h(v) = -v**3 + 3*v**2 - 2*v. Calculate h(l).
0
Let m(l) be the third derivative of -l**6/120 - l**5/15 + l**4/6 + l**3/2 - 35*l**2. What is m(-5)?
8
Let g = -93/2 + 50. Let l(i) be the second derivative of 0 - g*i**2 + 1/6*i**3 + 5*i. Give l(5).
-2
Suppose 2*i + 3 = i - a, -5*a = -i - 3. Let k(c) = -11*c**2 - 10*c - 4. Let f(t) = 5*t**2 + 5*t + 2. Let v(o) = 7*f(o) + 3*k(o). Give v(i).
5
Let q(a) = a**2 - 10*a - 15. Suppose c = -4*u + 2*c + 45, 2*c = -u + 18. Give q(u).
9
Let q = 1865 - 1879. Let y(c) = 3*c + 29. Calculate y(q).
-13
Let h(i) = -2*i**2 - 21*i - 17. Let q(w) = 20*w - 970. Let b be q(48). Determine h(b).
-7
Let f(t) be the third derivative of t**6/120 + t**5/20 + t**4/8 + 2*t**3/3 + 17*t**2. Give f(-3).
-5
Let x(g) = -53*g - 60*g - 47*g + 228*g - g**2 - 5 - 57*g. Determine x(4).
23
Let g(h) be the second derivative of -h**4/3 + h**3/6 - h**2 - 4*h - 7. Suppose 5*n = 4 + 6. Calculate g(n).
-16
Let z(j) be the first derivative of -j**4/24 + j**3/3 - 7*j**2 + 12. Let s(y) be the second derivative of z(y). Calculate s(8).
-6
Let n(g) = 11*g - 111. Let x be n(10). Let m(l) = 2*l - 6*l - 8*l - 2*l. Calculate m(x).
14
Let b(f) = -7*f**2 + 6*f - 10. Let d(m) = 6*m**2 - 4*m + 9. Let c(a) = 5*b(a) + 6*d(a). Suppose -2*p = i - 4*i, 10 = -p - i. Give c(p).
4
Let x(f) = 2*f + 7. Let o(t) = t**2 + 8*t - 9. Let i be o(-9). Suppose 0 = 3*y - i*y - 60. Suppose 4*n = 8*n + y. Give x(n).
-3
Let o(w) be the second derivative of 3*w**3/2 - 21*w**2/2 - 39*w. Let z(u) = 13*u - 31. Let f be 2/7 - 37/7. Let p(v) = f*z(v) + 7*o(v). Calculate p(6).
-4
Let k(f) = 3*f**2 + 149*f + 86. Let h be k(-49). Let b(l) = -l**2 - 10*l + 28. Determine b(h).
4
Let i(f) = f**2 - 9*f + 5. Let n(o) = -o - 10. Let a be n(-11). Suppose -5*s + 26 = a. Suppose -2*p = -s*p - t + 23, -4*p + 44 = -2*t. Calculate i(p).
5
Let h(q) = -q**2 + 19. Let a be h(-7). Let j = a + 30. Let o(t) = t**2 + 8. Give o(j).
8
Let r(l) be the first derivative of l**7/840 - l**6/90 + l**5/40 - l**4/8 - 8*l**3 - 8. Let o(h) be the third derivative of r(h). Calculate o(3).
-3
Let k(n) = -3*n - 4. Let r be k(-2). Let m(z) = z - 1 + 2 + z**3 + z**r - 2*z**2 + 0. Determine m(2).
7
Let f(l) = 2 + 7784*l**2 - 1 - 7785*l**2 + 2*l. Give f(-1).
-2
Let w(b) be the third derivative of -b**8/10080 - b**7/5040 + b**6/240 + b**5/15 + 9*b**2. Let n(g) be the third derivative of w(g). What is n(-3)?
-12
Let a(o) = -o**2 - 6*o + 7. Let t(h) = h**3 + 41*h**2 + 115*h + 33. Let i be t(-38). Give a(i).
12
Let y = -8 + 14. Let k be (-4)/(-6)*(y + 0). Let c(r) = -3*r**2 - 4*r**2 + 4*r**2 + 7*r + k*r**2. Give c(-7).
0
Let d(v) = -v + 1. Let m(x) = -x**3 + 8*x**2 - 3*x - 16. Let i be m(7). Suppose 0 = -12*f + 15*f - i. Calculate d(f).
-3
Let j(y) be the third derivative of -y**7/840 - y**6/120 - y**4/6 - 4*y**3/3 + 17*y**2. Let t(w) be the first derivative of j(w). Give t(-3).
-4
Let b(d) = -21*d**2 + 3 + 13*d**2 + 9*d**2 + 5 + 8*d. Calculate b(-6).
-4
Let l = 1104 - 1099. Let a(z) = -4*z. Calculate a(l).
-20
Let q(y) be the third derivative of -y**4/24 - y**3/6 + y**2 + 30*y. Suppose -5*s + 10*s - 21 = 3*g, 